ime?
False
Is 40402 a prime number?
False
Is 16871 prime?
True
Is 37001 a prime number?
False
Is 13227 a prime number?
False
Is 12197 a composite number?
False
Is 3953 a prime number?
False
Is 210845 composite?
True
Is 445387 prime?
False
Is 20543 prime?
True
Is 4162 prime?
False
Is 3707 prime?
False
Is 32491 a composite number?
False
Is 15227 a composite number?
False
Is 555663 prime?
False
Is 71693 a prime number?
True
Is 8039 a composite number?
False
Is 119797 prime?
True
Is 1354123 prime?
False
Is 92458 a prime number?
False
Is 20437 a composite number?
True
Is 1711 composite?
True
Is 565973 composite?
False
Is 900719 a prime number?
True
Is 433333 a prime number?
False
Is 312385 a composite number?
True
Is 17567 prime?
False
Is 1054115 a prime number?
False
Is 147311 composite?
False
Is 3593 composite?
False
Is 6599 prime?
True
Is 37201 composite?
False
Is 117809 a prime number?
True
Is 105847 a prime number?
False
Is 15339 composite?
True
Is 1099115 a prime number?
False
Is 58427 a prime number?
True
Is 206959 a composite number?
True
Is 397897 a prime number?
True
Is 15359 prime?
True
Is 71515 prime?
False
Is 471337 composite?
True
Is 4583 a composite number?
False
Is 447 a prime number?
False
Is 60433 a prime number?
False
Is 50207 a prime number?
True
Is 56659 a prime number?
True
Is 28499 a composite number?
False
Is 22613 a prime number?
True
Is 61211 a prime number?
True
Is 112345 a composite number?
True
Is 36553 prime?
False
Is 41341 composite?
False
Is 178361 a composite number?
False
Is 126019 a composite number?
False
Is 45659 a composite number?
False
Is 33043 a composite number?
True
Is 7165 composite?
True
Is 325027 a composite number?
False
Is 5197 composite?
False
Is 4547 composite?
False
Is 95881 composite?
False
Is 869 a prime number?
False
Is 12494 a composite number?
True
Is 46043 composite?
True
Is 453889 a prime number?
True
Is 13259 a composite number?
False
Is 1669 composite?
False
Is 21433 a prime number?
True
Is 635 a prime number?
False
Is 2526913 composite?
False
Is 294479 prime?
True
Is 7726 a prime number?
False
Is 1321447 a composite number?
False
Is 75687 composite?
True
Is 397057 a composite number?
False
Is 1511 prime?
True
Is 1054587 composite?
True
Is 25523 prime?
True
Is 235093 a prime number?
False
Is 18947 a composite number?
False
Is 283267 a composite number?
False
Is 356381 a composite number?
True
Is 78769 prime?
False
Is 7009 a prime number?
False
Is 293 a composite number?
False
Is 16447 a composite number?
False
Is 136447 a composite number?
False
Is 18489 a prime number?
False
Is 29413 composite?
True
Is 2078497 composite?
False
Is 86863 composite?
True
Is 7234 prime?
False
Is 4358 composite?
True
Is 29593 prime?
False
Is 55643 composite?
True
Is 1087 composite?
False
Is 25691 composite?
True
Is 509017 a composite number?
True
Is 157393 prime?
True
Is 130443 a composite number?
True
Is 7513 a composite number?
True
Is 150077 prime?
True
Is 279899 prime?
False
Is 910939 a prime number?
True
Is 39671 a prime number?
True
Is 887 prime?
True
Is 4699 prime?
False
Is 3891 composite?
True
Is 701 composite?
False
Is 14761 prime?
False
Is 5219 a composite number?
True
Is 12809 composite?
False
Is 37001 composite?
True
Is 123773 prime?
False
Is 710513 prime?
True
Is 1691 a prime number?
False
Is 2752271 a composite number?
False
Is 5779 composite?
False
Is 487 a prime number?
True
Is 21211 a composite number?
False
Is 430799 a composite number?
False
Is 420773 a prime number?
False
Is 2550019 a prime number?
True
Is 947369 a prime number?
True
Is 524555 prime?
False
Is 1071219 composite?
True
Is 388862 a prime number?
False
Is 158963 composite?
True
Is 51749 a prime number?
True
Is 67021 composite?
False
Is 1349 prime?
False
Is 12607 a prime number?
False
Is 132229 prime?
True
Is 8501 prime?
True
Is 1148185 a composite number?
True
Is 1766387 a prime number?
False
Is 19271 a composite number?
True
Is 193283 a composite number?
False
Is 458351 prime?
False
Is 11467 a composite number?
False
Is 502 composite?
True
Is 50113 a prime number?
False
Is 73631 a composite number?
True
Is 3943 prime?
True
Is 7985 a prime number?
False
Is 58511 a composite number?
False
Is 125453 a prime number?
True
Is 89141 a prime number?
False
Is 22115 a prime number?
False
Is 591041 composite?
True
Is 1031 prime?
True
Is 14051 composite?
False
Is 723371 a prime number?
False
Is 87603 a composite number?
True
Is 1543 a composite number?
False
Is 253 a composite number?
True
Is 4699 composite?
True
Is 165587 prime?
True
Is 266309 prime?
False
Is 155729 prime?
False
Is 1343789 a prime number?
True
Is 2597191 prime?
True
Is 1283 prime?
True
Is 44614 a composite number?
True
Is 4201 prime?
True
Is 771 a prime number?
False
Is 6947 a composite number?
False
Is 14253 a prime number?
False
Is 136673 composite?
True
Is 809141 composite?
False
Is 93266 a composite number?
True
Is 11957 prime?
False
Is 9461 composite?
False
Is 2773607 a prime number?
False
Is 1460099 composite?
False
Is 363257 a prime number?
True
Is 511985 composite?
True
Is 418085 composite?
True
Is 1631 a prime number?
False
Is 391 composite?
True
Is 134395 prime?
False
Is 263323 a prime number?
True
Is 21466 a prime number?
False
Is 15545 composite?
True
Is 2345009 composite?
False
Is 190181 prime?
True
Is 1578469 prime?
True
Is 153379 composite?
False
Is 5875111 prime?
False
Is 139861 a composite number?
False
Is 379777 composite?
False
Is 3158339 prime?
True
Is 2467 a composite number?
False
Is 158507 prime?
True
Is 47695 a composite number?
True
Is 757 composite?
False
Is 99917 a composite number?
True
Is 139235 a composite number?
True
Is 6927 prime?
False
Is 1001911 a composite number?
False
Is 12659 composite?
False
Is 361159 prime?
True
Is 3737 a prime number?
False
Is 94081 composite?
True
Is 4303 a composite number?
True
Is 46211 a composite number?
True
Is 186227 a prime number?
True
Is 7247 composite?
False
Is 8501 a composite number?
False
Is 25087 composite?
False
Is 28801 a composite number?
True
Is 437 composite?
True
Is 48851 a composite number?
True
Is 17569 a prime number?
True
Is 327597 a prime number?
False
Is 522439 a prime number?
True
Is 1171699 composite?
False
Is 53267 a prime number?
True
Is 50753 prime?
True
Is 1053169 prime?
False
Is 3397319 prime?
False
Is 470441 a prime number?
False
Is 19237 prime?
True
Is 258101 composite?
False
Is 382591 prime?
False
Is 907 composite?
False
Is 153841 composite?
False
Is 5113 composite?
False
Is 509359 a composite number?
False
Is 96427 a prime number?
False
Is 7507 composite?
False
Is 3603854 prime?
False
Is 149603 composite?
False
Is 39791 a composite number?
False
Is 6805 a composite number?
True
Is 1960529 composite?
False
Is 10033 composite?
True
Is 11003 a composite number?
False
Is 53473 composite?
True
Is 16033 composite?
False
Is 104547 a composite number?
True
Is 119141 prime?
False
Is 59063 composite?
False
Is 725111 a prime number?
True
Is 5266 prime?
False
Is 787 a composite number?
False
Is 226079 a composite number?
True
Is 786613 prime?
True
Is 16355 composite?
True
Is 17567 a prime number?
False
Is 85213 composite?
False
Is 51469 composite?
True
Is 260201 composite?
False
Is 4049 composite?
False
Is 4274 composite?
True
Is 967 composite?
False
Is 47629 prime?
True
Is 674533 a prime number?
True
Is 11929 prime?
False
Is 6113 composite?
False
Is 1039 prime?
True
Is 45763 composite?
False
Is 346781 composite?
True
Is 21431 a prime number?
False
Is 73121 a prime number?
True
Is 69907 a composite number?
True
Is 95549 composite?
False
Is 495211 composite?
False
Is 45659 a composite number?
False
Is 15091 prime?
True
Is 662107 prime?
True
Is 5153 prime?
True
Is 31601 prime?
True
Is 52798 prime?
False
Is 19587 a prime number?
False
Is 13579 prime?
False
Is 98561 prime?
True
Is 69847 composite?
False
Is 1282343 prime?
True
Is 3987961 a prime number?
False
Is 14914 prime?
False
Is 35617 composite?
False
Is 90591 prime?
False
Is 7053 a prime number?
False
Is 35201 composite?
False
Is 135259 a prime number?
False
Is 207913 a composite number?
True
Is 2599 a composite number?
True
Is 8561 a composite number?
True
Is 1030889 composite?
False
Is 84589 a prime number?
True
Is 17231 prime?
Tr